ommon factor of 67801841 and 194107.
2659
What is the greatest common factor of 4665677 and 1271?
41
What is the highest common factor of 7733 and 4351?
19
What is the greatest common divisor of 4670833 and 259825?
547
Calculate the highest common divisor of 118339 and 39.
13
Calculate the greatest common divisor of 14090166 and 9019.
311
What is the highest common factor of 92140 and 2205716?
68
What is the highest common divisor of 1187474 and 4?
2
Calculate the highest common divisor of 23396789 and 117.
13
Calculate the greatest common factor of 154974 and 4888650.
138
Calculate the highest common factor of 59 and 25918051.
59
Calculate the highest common divisor of 268216 and 1807.
13
Calculate the highest common factor of 34 and 101014.
34
What is the highest common factor of 28751237 and 9443?
1349
Calculate the highest common divisor of 24819045 and 6895.
985
Calculate the highest common divisor of 731668 and 602.
14
Calculate the greatest common divisor of 838 and 17694.
2
Calculate the highest common factor of 2338 and 226508947.
1169
Calculate the highest common divisor of 6694 and 20018.
2
Calculate the greatest common factor of 1479 and 42540999.
87
Calculate the greatest common divisor of 16 and 3737948.
4
Calculate the greatest common divisor of 4397408 and 128.
32
What is the highest common factor of 333 and 30932397?
9
What is the greatest common divisor of 746800 and 6400?
400
Calculate the greatest common divisor of 10236850 and 234.
26
What is the highest common factor of 2694081 and 429?
39
Calculate the greatest common divisor of 5779400 and 296.
296
What is the greatest common divisor of 29854 and 12626?
118
What is the greatest common factor of 34 and 50200082?
34
Calculate the greatest common divisor of 1592241404 and 3016.
1508
Calculate the highest common divisor of 10 and 129210610.
10
What is the highest common divisor of 414 and 8265717?
207
What is the greatest common factor of 1619300 and 2440?
20
What is the highest common factor of 1286310 and 601020?
1590
What is the greatest common divisor of 21174184 and 152?
8
Calculate the greatest common factor of 49938377 and 29.
29
What is the highest common factor of 2875352 and 6?
2
What is the greatest common divisor of 4220964 and 102?
102
What is the highest common factor of 1344 and 4327152?
48
Calculate the greatest common factor of 112 and 28085176.
56
What is the greatest common divisor of 3159909 and 23914?
1087
What is the greatest common factor of 1930 and 280270?
10
Calculate the highest common factor of 335133 and 3519.
207
What is the greatest common divisor of 32172 and 3647?
7
What is the highest common divisor of 2893610 and 790?
10
Calculate the greatest common factor of 2074738 and 4.
2
Calculate the highest common divisor of 59904 and 100088.
8
Calculate the greatest common divisor of 48566 and 847.
7
What is the highest common divisor of 812 and 141428?
28
What is the greatest common divisor of 2000 and 173875?
125
Calculate the highest common divisor of 6415760 and 5859620.
8060
What is the greatest common divisor of 38197760 and 1920?
640
What is the highest common divisor of 7875714 and 8162?
154
What is the greatest common divisor of 428379776 and 110?
22
What is the highest common factor of 2708846 and 42?
14
Calculate the highest common divisor of 545666287 and 47.
47
Calculate the greatest common divisor of 8265 and 1296807.
57
What is the greatest common divisor of 3660 and 2080680?
60
What is the greatest common divisor of 3997652 and 204?
68
Calculate the highest common factor of 1681902 and 172774.
3526
Calculate the greatest common factor of 1004 and 717358.
502
What is the greatest common divisor of 116 and 31113926?
58
What is the greatest common factor of 78 and 2434406?
26
Calculate the greatest common factor of 240640 and 241580.
940
What is the greatest common divisor of 1166566 and 805108?
934
Calculate the greatest common divisor of 29197650 and 21045.
915
What is the highest common factor of 405 and 3075645?
15
Calculate the highest common factor of 31 and 49156297.
31
Calculate the highest common factor of 15400935 and 880.
55
Calculate the highest common factor of 391217220 and 2628.
2628
Calculate the highest common factor of 198 and 31185.
99
What is the highest common factor of 646668 and 20093?
71
Calculate the greatest common divisor of 3981475570 and 10.
10
Calculate the greatest common factor of 32555 and 942735.
85
What is the highest common divisor of 1279168 and 1840?
368
Calculate the greatest common factor of 5425305 and 15.
15
Calculate the greatest common divisor of 157857392 and 444.
148
Calculate the greatest common divisor of 12844 and 1325250.
38
Calculate the highest common factor of 3116582 and 14.
14
What is the greatest common divisor of 42699359 and 3995?
799
Calculate the highest common divisor of 143099 and 196318819.
13009
What is the highest common factor of 1173 and 21561?
3
What is the highest common divisor of 53 and 68784?
1
Calculate the highest common divisor of 205 and 59612975.
205
What is the highest common divisor of 21664 and 23119550?
1354
Calculate the greatest common factor of 1585 and 4958197.
317
What is the highest common divisor of 170300 and 452400?
1300
What is the highest common factor of 105828272 and 1232?
176
Calculate the greatest common divisor of 8018 and 132620.
38
What is the highest common factor of 3406 and 2869817?
131
What is the greatest common factor of 173183164 and 77?
77
Calculate the greatest common divisor of 24752 and 2200016.
1456
What is the highest common divisor of 139 and 20189333?
139
Calculate the highest common divisor of 249822622 and 98.
14
Calculate the highest common divisor of 195812392 and 50184.
5576
What is the highest common factor of 3 and 25637732?
1
Calculate the greatest common divisor of 948689 and 1273.
19
Calculate the highest common factor of 130425 and 588675.
3525
What is the highest common factor of 69852471 and 1248?
39
What is the greatest common factor of 748 and 782848?
44
Calculate the highest common divisor of 800938 and 12002.
34
What is the greatest common factor of 740 and 73165465?
185
What is the highest common divisor of 24132935 and 105?
5
Calculate the highest common divisor of 14921 and 899771.
347
What is the greatest common factor of 769 and 1723035242?
769
Calculate the greatest common factor of 60424568 and 35560.
1016
Calculate the highest common factor of 7490 and 411272155.
3745
What is the greatest common factor of 249714 and 522?
18
Calculate the greatest common factor of 1116495 and 292185.
1935
What is the greatest common divisor of 786574 and 22?
2
Calculate the greatest common divisor of 1476 and 279252.
36
Calculate the highest common factor of 1408 and 35829200.
176
What is the highest common factor of 9345753 and 81?
27
Calculate the greatest common factor of 44 and 511599.
11
Calculate the greatest common factor of 144320 and 2314040.
1640
What is the greatest common factor of 1106541 and 29127?
57
Calculate the greatest common divisor of 78692508 and 214.
214
Calculate the greatest common factor of 43726179 and 147.
147
Calculate the greatest common divisor of 1241 and 25299026.
1241
What is the greatest common divisor of 1805 and 13909691?
361
Calculate the greatest common divisor of 597607 and 168625.
1349
Calculate the highest common divisor of 1187641 and 471107.
2821
What is the highest common factor of 4342790 and 310?
310
Calculate the highest common factor of 996481036 and 316.
316
What is the greatest common divisor of 12465084 and 12?
12
Calculate the greatest common factor of 8738464 and 248.
8
What is the greatest common factor of 413112 and 7672?
56
What is the greatest common divisor of 213078 and 27438?
102
What is the highest common factor of 1030050116 and 76?
76
What is the greatest common factor of 185970 and 40?
10
What is the greatest common divisor of 317 and 298150863?
317
What is the highest common divisor of 710982504 and 25210?
5042
What is the highest common factor of 14284053 and 1071?
63
What is the greatest common factor of 517093 and 12638?
71
Calculate the highest common factor of 316 and 11.
1
What is the greatest common divisor of 1548 and 351998?
86
Calculate